base 2, what is 10 - -110010000111110?
110010001000000
In base 14, what is 987 - 3b?
94a
In base 9, what is 84811 - 1?
84810
In base 12, what is 7 + -18330?
-18325
In base 11, what is -1 + -8927?
-8928
In base 15, what is 3cbc + -b?
3cb1
In base 4, what is -202301 + -331?
-203232
In base 15, what is -37 - 9c4?
-a0b
In base 12, what is 9913 - -5?
9918
In base 9, what is -22630 + -4?
-22634
In base 13, what is 1c17 - 3?
1c14
In base 14, what is 4 - -1168?
116c
In base 16, what is -2a2b + -43?
-2a6e
In base 4, what is 0 + 133102123?
133102123
In base 9, what is 31 - -45361?
45402
In base 2, what is 10 + -11110010000001?
-11110001111111
In base 14, what is 4 - -5b23?
5b27
In base 6, what is 240 + 33202?
33442
In base 9, what is -46701 + -1?
-46702
In base 3, what is -1102022200 + -11?
-1102022211
In base 2, what is 10100100 - 1001001111?
-110101011
In base 3, what is 0 + -122020120?
-122020120
In base 4, what is 2 - 1220203?
-1220201
In base 8, what is -20 - -3414?
3374
In base 2, what is -101 - 10101011010000000?
-10101011010000101
In base 13, what is 7c032 + 3?
7c035
In base 14, what is 2042c - 4?
20428
In base 7, what is 116 + 21615?
22034
In base 16, what is 371f - -4?
3723
In base 9, what is 2204 + -27?
2166
In base 13, what is -72 + -55b3?
-5655
In base 12, what is -aa642 + -7?
-aa649
In base 4, what is -100233001 + 1?
-100233000
In base 11, what is 48489 - -34?
48512
In base 16, what is -18c - 77a?
-906
In base 12, what is -4 - -a2876?
a2872
In base 15, what is 524 - 2b3?
261
In base 4, what is -3000222012 + 11?
-3000222001
In base 9, what is -475241 + -2?
-475243
In base 8, what is -4 - -1001625?
1001621
In base 14, what is 13 + -822d?
-821a
In base 4, what is 10 + 21303122?
21303132
In base 16, what is -2232 - 2c?
-225e
In base 10, what is -12 - -2936?
2924
In base 2, what is -101 - -10011100000100110?
10011100000100001
In base 11, what is -436 - -72?
-374
In base 3, what is -1120202 - 1101?
-1122010
In base 14, what is 11 + -b750?
-b73d
In base 4, what is 11 - 200111?
-200100
In base 13, what is -643 + 2b?
-615
In base 16, what is -18b75 - 2?
-18b77
In base 16, what is -584 - 9b?
-61f
In base 2, what is 10 + 1010001110011001?
1010001110011011
In base 4, what is 11313 + -21031?
-3112
In base 3, what is 1112212 - -10110?
1200022
In base 10, what is -233 + -244?
-477
In base 13, what is -17 - 11a1?
-11b8
In base 8, what is 103 - 10?
73
In base 5, what is -22004013 + -3?
-22004021
In base 8, what is 4 + 7343622?
7343626
In base 2, what is 1 + 11000100000001010010?
11000100000001010011
In base 5, what is -11 + 100202?
100141
In base 2, what is 11 + 110011110001000?
110011110001011
In base 2, what is 1 - 1111000111111?
-1111000111110
In base 2, what is -1001110101000011000 + -100?
-1001110101000011100
In base 9, what is 4 + 1485537?
1485542
In base 6, what is 5 + 1150343?
1150352
In base 16, what is 1 - 5301?
-5300
In base 14, what is -3 + -25886?
-25889
In base 8, what is -52274 + 54?
-52220
In base 6, what is 31 - -1330034?
1330105
In base 8, what is -172 + 5330?
5136
In base 7, what is -4302 - 1010?
-5312
In base 15, what is -15 + -12b5?
-12ca
In base 16, what is -1b - 33e?
-359
In base 15, what is -8a - -6c?
-1d
In base 6, what is -44005 + -4020?
-52025
In base 7, what is -4556 - 50?
-4636
In base 11, what is -2 - 27233?
-27235
In base 16, what is -120 + cd2?
bb2
In base 6, what is -32105 + -222?
-32331
In base 10, what is -12 - -23875?
23863
In base 4, what is -30232 + 30?
-30202
In base 4, what is -300 + -233211?
-300111
In base 15, what is 2559e + 3?
255a2
In base 7, what is -1344022 + -2?
-1344024
In base 14, what is 333 - -21?
354
In base 5, what is -211030 - 21?
-211101
In base 2, what is 11101111100101111110 + -100?
11101111100101111010
In base 15, what is -bb8 - 1?
-bb9
In base 11, what is 3a + -271?
-232
In base 2, what is -111111100 - -101110011101?
100110100001
In base 13, what is 2c5031 + 1?
2c5032
In base 5, what is -202 - 34130?
-34332
In base 5, what is 14134 - 30?
14104
In base 7, what is -3 - 136031?
-136034
In base 6, what is -154 + 4?
-150
In base 6, what is -2402 - -313?
-2045
In base 10, what is 525 - -22?
547
In base 16, what is 2 - -75472?
75474
In base 2, what is 1000101011011111 + 101?
1000101011100100
In base 7, what is 1 + -266326?
-266325
In base 2, what is -1 - -10001110011010111100?
10001110011010111011
In base 4, what is 21021003 + -23?
21020320
In base 10, what is -1079 + -367?
-1446
In base 10, what is -19509 + -1?
-19510
In base 15, what is b83 - -33a?
ebd
In base 7, what is -1336 + -40?
-1406
In base 2, what is 10111000000 + 1101011111?
100100011111
In base 11, what is 202931 - -3?
202934
In base 12, what is -3 - 7a3b9?
-7a400
In base 2, what is -11 + 11110111110010101?
11110111110010010
In base 2, what is 100 + -1001111101101?
-1001111101001
In base 14, what is 19 - 1?
18
In base 13, what is -60 - 2373?
-2403
In base 5, what is -4 - 203223?
-203232
In base 2, what is -10011100010010100101 + -1?
-10011100010010100110
In base 16, what is 2d3 + 272?
545
In base 15, what is 32424 + -3?
32421
In base 12, what is 15080 - -8?
15088
In base 11, what is 4863 - 3?
4860
In base 13, what is 1 + 10390?
10391
In base 14, what is -591 - -95?
-4da
In base 15, what is 9 + 3423?
342c
In base 8, what is 1105 - -60?
1165
In base 7, what is 220 - 11024?
-10504
In base 11, what is -923 + -5?
-928
In base 2, what is -1000001110100 - -100?
-1000001110000
In base 5, what is -20412 + 3402?
-12010
In base 10, what is -118349 + 0?
-118349
In base 13, what is -4 - -34836?
34832
In base 9, what is -4305 + 8?
-4286
In base 14, what is 3 + -15b6c?
-15b69
In base 6, what is 14 - -5453?
5511
In base 6, what is 5 + -100323332?
-100323323
In base 9, what is -676 + -7?
-684
In base 14, what is 3 - -5542?
5545
In base 12, what is -4952 + 8?
-4946
In base 7, what is -1221 - 23?
-1244
In base 3, what is -11 - 220210221?
-220211002
In base 14, what is -16d - 1?
-170
In base 15, what is -476d + 4?
-4769
In base 9, what is -8 + -8275?
-8284
In base 2, what is 11101011111 + 1101111?
11111001110
In base 14, what is -19c33 + -6?
-19c39
In base 4, what is -1102230 - -13?
-1102211
In base 11, what is -52599 - 25?
-52613
In base 8, what is 2055 + -551?
1304
In base 13, what is -4 + -878?
-87c
In base 12, what is 11 - 7734?
-7723
In base 16, what is 9 + -69b4?
-69ab
In base 8, what is 1 - -66427?
66430
In base 13, what is -14c - -200?
81
In base 15, what is 646ed - -3?
64701
In base 11, what is 87 + 8?
94
In base 7, what is -16 - -105663?
105644
In base 3, what is 220102 - 20022?
200010
In base 11, what is 111 + -303?
-1a2
In base 5, what is -1133 + 14121?
12433
In base 5, what is 330 + 302?
1132
In base 5, what is 1141302 + 0?
1141302
In base 3, what is -2110021001000 + 11?
-2110021000212
In base 8, what is 742 - -12606?
13550
In base 6, what is 2021 + 132204?
134225
In base 7, what is -540 + 2063?
1223
In base 14, what is -4 - 1109a7?
-1109ab
In base 6, what is -2 - -24421?
24415
In base 6, what is 3520 - -3122?
11042
In base 8, what is -27231 - 11?
-27242
In base 4, what is 11 - -22220011?
22220022
In base 2, what is -110001010011001001101 - 101?
-110001010011001010010
In base 5, what is 3 + -20441012?
-20441004
In base 6, what is 22 + 133405?
133431
In base 11, what is 8 - 37340?
-37333
In base 7, what is 1111 + 1302?
2413
In base 4, what is -101322 + -331?
-102313
In base 13, what is -6836 + -21?
-6857
In base 8, what is -315 - -3150?
2633
In base 11, what is 865a9 + -2?
865a7
In base 4, what is -13 + -222221?
-222300
In base 4, what is -120 + 1022002?
1021222
In base 3, what is 10010102 + -11020?
2222012
In base 12, what is 984598 - 5?
984593
In base 16, what is -6 - -ee5?
edf
In base 10, what is 495 - -86?
581
In base 15, what is -3 - -b78a7?
b78a4
In base 8, what is -104 + 1010?
704
In base 9, what is 5 + 883?
888
In base 4, what is 101111330 + 23?
101112013
In base 16, what is -274 + ed?
-187
In base 10, what is -24342 + -44?
-24386
In base 16, what is 214 + 20?
234
In base 11, what is -1a + 16775?
16756
In base 10, what is 73878 + 7?
73885
In base 15, what is -12 - -1a45a?
1a448
In base 14, what is -1d27a5 - -5?
-1d27a0
In base 12, what is -1797b + 0?
-1797b
In base 5, what is 2 + 133120?
133122
In base 12, what is 191 - -3?
194
In base 7